of 2 + 0 + (-13 + 6 - -5)?
0
(-3 - (-15 + 18)) + (-1 - -1)
-6
0 + -7 - ((0 - 15) + 6)
2
3 - (-11 + -3 + 27)
-10
(4 + -9 - -2) + -2 - -6
1
Evaluate -27 - -15 - (-4 - 1).
-7
What is the value of -1 + -1 + 14 + -17?
-5
What is the value of -6 + 8 + 3 + -3 + 3?
5
0 + 3 - 1 - (4 - 4)
2
What is 0 + -6 + 3 + -4 + 4?
-3
Calculate -3 + (10 + 1 - 7).
1
What is the value of -4 + (3 - 2 - -9)?
6
(3 - 0) + -14 + 7
-4
3 + (-4 - (1 + -4)) + -3
-1
Evaluate (3 - 11) + 0 + 4.
-4
What is 3 + -4 + 4 - (9 + -1)?
-5
What is 1 - (-2 - 6 - -7)?
2
Calculate ((6 - 6) + 3 - 8) + 6.
1
Evaluate (-1 - -4) + (-2 - 0).
1
Calculate -4 + 9 + -2 + 1 + 0.
4
(0 - (1 - 2)) + -139 + 141
3
What is 3 + -4 - (1 - -1)?
-3
-15 + 18 + (5 - 2 - 5)
1
Evaluate 20 - 27 - (-8 - 2).
3
What is -2 + (-2 + (5 - -1) - 2)?
0
What is (8 - (-7 + 17)) + -4?
-6
What is 4 + -3 + 2 + -5 + 1?
-1
What is the value of 5 + (-4 - -3) - 7?
-3
What is -1 + 3 + -3 + 3?
2
1 + 0 - (59 - 58)
0
What is 11 + -4 - (-4 + 13)?
-2
-1 + 6 + -12 + -4 + 4
-7
What is the value of (-77 - -70) + -1 + 5 + -1?
-4
Calculate (-2 - 1) + 5 + 0.
2
What is the value of 3 - (1 - -3) - 4?
-5
Evaluate -2 - -1 - (-101 + 93).
7
What is the value of 8 + 3 + -9 + 2 + 0?
4
What is -3 - (-7 + -4 + 6)?
2
Calculate 12 - (10 + -1) - -2.
5
What is the value of -1 + 2 + 22 + -29?
-6
16 + -2 - (-21 - -34)
1
What is (-6 + 19 - 7) + -7 + -7?
-8
What is the value of 4 + (-2 - (4 - -2))?
-4
What is -1 + 7 + -1 - (-1 + 0)?
6
1 + (-1 - -4) + (-1 - 1)
2
-4 - (5 - 12 - -2)
1
-3 + 3 - (-5 + 1 - -8)
-4
What is -2 + 0 + -5 + -5 + 8?
-4
Evaluate 12 + 9 + -26 + 9.
4
What is 6 + -10 + -3 - -5?
-2
What is the value of (-5 - (-3 - 0)) + 4 - 2?
0
What is 1 + -1 + 5 - 0?
5
Evaluate 5 + (0 - (2 - 4)).
7
What is (-12 - -7 - 3) + 4?
-4
What is (5 - 0) + 57 + -58?
4
What is 1 + (-5 - -1) - -3 - -2?
2
Calculate (-1 - 0) + -4 + 5 - -6.
6
Calculate 2 + -1 - (-11 - -15).
-3
-2 - (-2 + (-3 - -7 - 1))
-3
What is the value of (0 - 3) + 10 + -11?
-4
What is (25 - 19) + (-4 - -1)?
3
What is 8 + 11 + 2 - 13?
8
Evaluate 9 + -1 + -1 + -2.
5
Calculate 4 + -8 - -2 - -5.
3
Calculate 9 + -8 + 9 + -12.
-2
Calculate -3 - -2 - ((-6 - -4) + 3).
-2
What is the value of (-3 - -1) + (1 - -4) + 1?
4
1 + (0 - -1 - -2)
4
(-2 + -1 - (16 - 15)) + 4
0
(-2 - 4) + (-1 - -4 - 1)
-4
-3 + (4 - (4 + -3 + 2))
-2
What is (1 + -3 - (-8 - -6)) + 4?
4
Calculate (-3 - (-4 + 4)) + -2.
-5
Evaluate -2 - ((1 - 0) + (-12 - -10)).
-1
Calculate 0 - (-9 + (13 - 8)).
4
Calculate (1 - 0) + -6 - -2 - -3.
0
What is -11 - (-2 - -2 - 20)?
9
What is the value of 3 + -4 - (-1 + 5 - 5)?
0
-5 + (3 - (3 + -7 + 2))
0
Evaluate 1 - -2 - (0 - -2 - 1).
2
-1 + -3 - (-95 - -94)
-3
Calculate (-6 - 1 - -13) + 3.
9
Evaluate -9 - -2 - (-37 - -32).
-2
What is the value of -3 - (3 + (-13 - -5))?
2
4 + -4 + -1 + 0 + -3
-4
What is -2 - (-5 + 9) - -2?
-4
What is the value of -6 - (0 + -2 + -2) - 5?
-7
Calculate (6 - 7) + 10 - 10.
-1
What is -16 + -5 + 8 - (5 - 11)?
-7
1 + -2 - -1 - (-7 - -3)
4
0 - 2 - ((-9 - -9) + 1)
-3
Calculate 13 + (5 - 11) + (-6 - 3).
-2
What is -7 - (-6 - (-6 - (-3 - 4)))?
0
What is the value of 1 + (-2 - (-4 - -1)) + -3?
-1
What is the value of 6 + -1 - (-3 + 6)?
2
Calculate (0 - -5 - -2) + -9.
-2
-1 + (3 - 5) + 5
2
Evaluate 7 + -8 + (-7 - -1).
-7
Evaluate -7 + -1 + 19 + -11.
0
Calculate (-14 - -15) + (-2 - 1).
-2
-4 + (-6 - -7) - -2
-1
What is 0 + -1 + 29 + -32?
-4
-3 - (-2 - (-2 + (2 - 0)))
-1
Evaluate (-5 - -4) + (3 - (-1 + 0)).
3
What is (-1 - -2) + (15 - 15) - 6?
-5
What is the value of (4 - 5) + (-19 - -15)?
-5
Calculate 0 + 3 + 3 + (-16 - -10).
0
What is 0 - -6 - 2 - (5 + -3)?
2
Calculate -3 - (1 - (2 + 0)).
-2
What is the value of -11 + 0 + 3 - -3?
-5
2 - 1 - (3 + (3 - 6))
1
What is the value of 4 - (2 + (-5 - (3 - 5)))?
5
Evaluate -30 + 26 + 1 + (-1 - -7).
3
1 + 1 + -14 + 8
-4
What is (5 - -1) + (17 - 17 - 10)?
-4
Calculate -4 + -1 + (-3 - -2 - -2).
-4
Calculate 6 - (-1 + 2 + 15 + -5).
-5
What is (11 - (2 + -1)) + -7?
3
3 + 4 - (-2 + 7 + -4)
6
What is 4 - (3 - (14 + -12))?
3
What is (-7 - (0 + -18 + 6)) + -5?
0
What is the value of 8 + (-10 - (-9 - -2)) + 2?
7
-6 + 9 + -7 + -3 + 5
-2
What is -2 + 1 + (2 - 0) - 2?
-1
What is the value of -6 - -5 - ((-3 - 1) + 6)?
-3
Evaluate 10 - 4 - 2 - (-5 + 3).
6
Calculate 6 - 7 - -2 - (-9 - -1).
9
What is the value of 5 + 14 + -4 - 9?
6
(-3 + 2 - 0) + 1
0
-3 + 7 + (-8 - (0 + 0))
-4
Calculate 1 - (0 - (3 - (4 + -3))).
3
What is 6 + 6 + -12 - 4?
-4
(-5 - -3) + (25 - 14) + -11
-2
What is the value of -9 + 11 - (-1 - (-3 - -2))?
2
What is the value of -2 - (-1 - (3 + 0)) - 1?
1
What is (-1 + 9 - 5) + -6?
-3
Calculate 7 - (5 - (-3 - (-6 + 1))).
4
Evaluate (9 - 12) + (1 - -4) + -3.
-1
-11 - 2 - -3 - -7
-3
What is 0 - (0 - (-4 + 4))?
0
What is the value of (7 - (4 + -1)) + 1?
5
What is the value of (0 - 5 - -1) + 2?
-2
What is 8 + -3 - (4 - 2)?
3
Calculate 2 + (-2 - (-2 + 4)) + 4.
2
What is the value of 17 + -5 - (31 - 20)?
1
2 - (4 + 5) - (0 - 0)
-7
Evaluate (3 - 0) + (-3 - -1).
1
What is -3 + (-8 - (-17 + 7))?
-1
0 - ((-4 - 0) + 1)
3
Evaluate 3 + (1 - -5) + -5.
4
What is (-3 - 2) + (-10 + 0 - -13)?
-2
Evaluate (2 - (2 + 0)) + 1.
1
Evaluate 3 + -14 + 5 + 7.
1
(-6 - -9) + -1 + 1 + -3
0
What is (1 - -3) + -5 - (1 + -1)?
-1
Evaluate 3 - (1 + 1 + -2).
3
What is the value of -2 + -5 - (-7 + 1 - -2)?
-3
-1 - (-4 + 5 - -1)
-3
What is the value of 7 + (-7 - (1 + -7) - 5)?
1
What is the value of 18 - 15 - (8 - 1) - 1?
-5
Calculate 3 - (2 + 0 - (-6 - -6)).
1
What is 6 + -6 + 1 - -5?
6
What is the value of -4 - (-3 + -2 + 6)?
-5
-8 + 7 - (-13 - -3)
9
Evaluate -3 - 1 - (-9 + 9).
-4
Calculate (4 - -4 - 11) + 2 + 1.
0
Calculate (-2 + -24 - -7) + 14.
-5
Evaluate 5 - (4 - (4 - -1)) - 1.
5
8 - (8 + -6 + 0)
6
(-1 - -7) + (5 - (3 + 3))
5
What is the value of 2 - 7 - (-2 + 1 - 0)?
-4
What is -222 + 222 - (0 - (-1 - 0))?
-1
Evaluate -65 + 69 - (0 - -1).
3
12 - ((-1 - -4) + 5)
4
What is the value of 2 + (1 - (3 - 0)) + 2?
2
What is the value of (-4 + 6 - 3) + -3?
-4
What is the value of 5 - (2 + -5 + 12)?
-4
Calculate -2 + 4 + -7 + 7 + -3.
-1
What is -6 + 4 - (-1 - 2 - -6)?
-5
Calculate -6 + (-6 - -9) - -4.
1
Calculate 10 - (-10 - -21) - (-6 - 2).
7
Evaluate 1 - 0 - (9 + 0 + -5).
-3
What is 59 + -56 + (-12 - (-2 - -1))?
-8
Calculate (1 - 4) + (4 - 3) + 2.
0
Evaluate 1 - -2 - 6 - -1 - 2.
-4
-2 + 1 - (101 - 109)
7
-5 + 7 + (5 - -2) + -18
-9
-6 + 4 - (-1 + 2 - 5)
2
What is -8 - (5 + (2 - -1) - 8)?
-8
What is the value of 1 + 5 - (-6 - -10)?
2
Calculate -6 - ((-6 - 12) + 5).
7
What is -11 - (7 + -1 + -12) - -8?
3
1 + (-1 - 3) + 1
-2
(-7 - (-3 - -3)) + 1
-6
Evaluate -4 + (-1 - -20) + -13.
2
14 + -14 - (0 - 2 - 4)
6
What is the value of -3 - -15 - (-6 + 9 + 2)?
7
Evaluate -11 + (3 - -1) + 8.
1
What is 3 - (3 + -2 + 5)?
-3
Evaluate (-1 - (-1 - -1)) + (10 - 6).
3
What is the value of (-3 - 4) + 4 - (1 + 1)?
-5
What is the value of 4 - (12 + (4 - (-4 - -11)))?
-5
-15 - -14 - (3 + -13)
9
Evaluate -8 + 24 + -8 + -8.
0
Calculate -9 + 6 + 16 + -6.
7
7 - 9 - (-1 + 3)
-4
What is the value of -5 + (-2 - -2) - -12?
7
Calculate 2 + (3 - 7) + 5.
3
Calculate -4 + -5 + 8 + -5 + -3.
-9
5 - (17 - (-4 + 8))
-8
(12 - 15) + 9 + -12 + 2
-4
Evaluate (-2 - -7) + -1 + 0.
4
What is the value of (-10 - (3 - 6)) + -56 + 52?
-11
Evaluate 6 + -10 + -2 - -15.
9
Evaluate 2 + (10 - (13 - 8)).
7
Calculate 7 + 0 - 4 - 2.
1
Evaluate -10 + 16 + (2 - (3 - -2)).
3
Evaluate -1 + 5 + (27 - 37).
-6
-6 + 4 - (2 + 3 + -4)
-3
Calculate 5 + -2 + -1 + (24 - 25).
1
Calculate (3 - 1 - 3 - -3) + 0.
2
Evaluate 5 + (3 - 12) + 1 + -4.
-7
What is 9 + 0 - (-13 - (-27 - -11))?
6
Evaluate -2 - 0 - ((4 - 2) + -4).
0
What is the value of (4 - -1) + -4 + 3 + -3?
1
-7 - -2 - (-4 - (-1 + 0))
-2
What is the value of -3 - (-1 - (-4 - -3))?
-3
Evaluate 8 - 7 - (-2 + 2 + -4).
5
What is the value of -2 + (4 - (4 + -7))?
5
Evaluate -3 + 5 + -5 + -1.
-4
Evaluate 3 + (3 - 1 - 7).
-2
Evaluate 1 + (1 + 5 - (14 - 5)).
-2
Evaluate (4 - 2) + -2 + 12 + -17.
-5
Calculate -2 - (-6 - (1 - 3)).
2
What is -2 + 18 + -16 + 7?
7
Calculate 6 - (-6 - -1 - -6).
5
What is (1 - -2) + 9 + -17?
-5
What is -19 + (33 - 10) + -14?
-10
Evaluate 1 + 8 + 2 - (-17 - -21).
7
Evaluate (-7 + -4 - -17) + -5.
1
1 - (10 + (6 - 9) + 2)
-8
What is the value of 6 - (3 - 4 - -6)?
1
What is 7 + -2 + -5 + 4?
4
1 